 the first derivative of -2*q**3/3 - q**2/2 + 2*q + 284. Give l(-2).
-4
Let n(h) = 7*h**2 + 3*h - 8. Let p(f) = -6*f**2 - 4*f + 7. Let x(z) = 5*n(z) + 6*p(z). Calculate x(-9).
2
Let m = 132 - 131. Let b(f) = -4*f**3 + 2*f**2 - f. Determine b(m).
-3
Let n = -13 - -4. Let c be (-3)/n - 6/18. Let m(x) = 23 + 4*x + c*x**2 + x**2 - 23. Calculate m(-6).
12
Let p(z) = 18311 - 9152 + 4*z - 5*z - 9157. Let r be 1 + 4/((-4)/(-3)). Suppose r*y - 33 = 5*m, -3*y + 5*y = 4*m + 24. Calculate p(y).
0
Let i = 35 - 32. Let w(f) = -1 - 6*f**i + 0*f - 18*f**2 - f + 18*f**2. Determine w(-1).
6
Let f(i) = i - 7. Suppose 0 = 14*z - 18*z + 8. Suppose 9 = 4*b - 3*u, 0 = 2*b + 3*b - z*u - 20. What is f(b)?
-1
Let i be (-10)/2*3/(-3). Suppose q - m = i, 0*q + 4*q - 8 = -2*m. Suppose -4*d + q = -5. Let w(x) = -x**3 + 2*x + 1. Determine w(d).
-3
Let r(d) = -d**3 + 1. Let p be r(0). Let u(b) = 7*b**2 + b + 2. Let i(n) = -n - 1. Let x(l) = 2*i(l) + u(l). Give x(p).
6
Let c(q) = q - 14. Suppose -5*s - 20 = -3*i + 5*i, -3*i + 4*s + 16 = 0. What is c(i)?
-14
Let s(m) = -8*m + 3. Suppose 11*j + 47*j + 58 = 0. Calculate s(j).
11
Let k(l) = l - 4*l + 0*l. Let n be (4 - 10)*(-114)/9. Let h = -78 + n. Determine k(h).
6
Let t(n) = n**2 + 4*n + 4. Let l(c) = 1. Let g(q) = 4*q - 4. Let j(i) = -g(i) - 3*l(i). Let s be j(-2). Let h be (-4 + 1)*12/s. What is t(h)?
4
Let j(n) = 10*n + n + 12 - 3*n - 19*n**2 + 18*n**2. Calculate j(7).
19
Let j(v) = v**2 + 5*v - 8. Let i(c) = 5*c**2 + 9*c + 7. Let w be i(-2). Suppose w*q = 11*q + 12. Determine j(q).
-2
Let c(z) = -2*z - 5. Let w = 471 + -476. Calculate c(w).
5
Suppose 41 + 29 = 5*a - 5*t, -24 = -3*a - 3*t. Let k(c) = -10 - 5 + 4*c - 3*c + a. Suppose -1 = -g - 4. Calculate k(g).
-7
Let c(p) = p**3 - p**2 + p - 9. Let o be (-122)/(-10) - (-2)/(-10). Let g = -12 + o. Let i be (-1 + 1)/3 + g. Calculate c(i).
-9
Suppose g - 6 = -3*p, 0 = p + 3*p + 3*g - 8. Suppose 0 = -p*y - 3 + 1. Let w(q) be the third derivative of -q**6/120 + q**5/60 + q**4/24 + 212*q**2. Give w(y).
1
Let a(i) = -3*i + 7. Suppose 5*p - 306 = -p. Let t be 3/4 - p/(-12). Determine a(t).
-8
Let v(n) = -2*n**2 - 2*n + 4. Let x be v(-2). Let w(p) = 0 + 70*p - 69*p + x. Let d(s) = -s**2 - 6*s - 3. Let c be d(-6). Determine w(c).
-3
Let m(s) = 20 + 25 - s - 18 - s + 3. Give m(13).
4
Let k(g) = -g**2 + 3*g + 6. Let z = 81 - 74. Let a be 2/z + 297/63. What is k(a)?
-4
Let u(s) = -s**2 + 7*s + 5. Let c(h) = -h**2 + h + 3. Let y(g) = 2*c(g) - u(g). Calculate y(-6).
-5
Let x(p) = 4*p - 3. Let f(h) = 11*h - 9. Let l(b) = 6*f(b) - 17*x(b). Let w = 63 + -66. What is l(w)?
3
Let i(s) = -s**3 + 4*s**2 + 5*s + 4. Suppose z + 5*f + 23 = 0, -3*f - 1 = 5*z + 4. Suppose 4*a - 28 = -z*t, 3*a - 25 + 2 = -2*t. Determine i(a).
4
Let h(o) be the third derivative of o**6/120 - o**5/12 - o**4/3 + o**3/6 + 64*o**2. Suppose 4*c + 12 = 36. Determine h(c).
-11
Let p(t) = 14*t - 11. Let d(g) = 7*g - 5. Let n(c) = -9*d(c) + 4*p(c). Let v(i) = 2*i**2 - 10*i + 17. Let b be v(7). Let m be 6/4*30/b. Determine n(m).
-6
Let h(x) = 8*x + 3. Let k(v) = -7*v - 2. Let t(i) = 4*h(i) + 5*k(i). Let o = 405 - 412. Determine t(o).
23
Let r(l) = -2*l + 2. Let t(i) = -7*i**2 - 7*i + 7. Let c(n) = -2*r(n) + t(n). Determine c(1).
-7
Let d(h) be the third derivative of -h**5/60 - h**4/4 - h**3/6 + h**2. Let q = 78 + -82. Give d(q).
7
Let x(i) = i + 7. Suppose 24 = 2*f - 4*z, 4*f + f + 5*z = 15. Let k be (f - (-6 + 3 + 4))*-1. What is x(k)?
2
Let x(a) = -7*a**3 - 9*a**2 - 5*a + 2. Let b(m) = 9*m**3 + 10*m**2 + 5*m - 1. Let r(d) = 4*b(d) + 5*x(d). Give r(4).
-30
Let i(c) = -5*c - 9. Let a be ((-2)/1)/(56/168). Give i(a).
21
Let r = 28 - 27. Let n(u) be the first derivative of -7*u**4/24 + u**3/6 + 3*u**2/2 - 4. Let f(o) be the second derivative of n(o). What is f(r)?
-6
Let d(r) = -7 - 4*r**2 + 3*r**2 + 16*r**3 - 17*r**3. Give d(0).
-7
Let j(b) = -18*b**2 + 1. Suppose 0 = -3*h - 3*m - 96, -h + 3*m - 6*m - 42 = 0. Let c be ((-2)/6 + 0)*-78. Let r = c + h. Calculate j(r).
-17
Let m(f) = 10*f**2 + 5*f + 3. Let t(l) = 10*l**2 + 2*l + 3. Let d(h) = 2*m(h) - 3*t(h). Calculate d(2).
-35
Let x(c) = c**2 + 34*c + 62. Let y be x(-32). Let h(d) be the third derivative of -2*d**2 + 0 - 1/24*d**4 - 1/20*d**5 + 0*d + 1/6*d**3. Determine h(y).
-9
Let v be (1672/304)/((-33)/(-12)). Let x(f) = f + 8. Let m be x(-6). Let q(k) = -4*k**3 - k**m - 2*k + 1 + 4*k**2 + 2*k**3. Calculate q(v).
-7
Let n(d) = 12*d - 27. Let x(b) = 7*b - 14. Suppose 3*k - 11 - 10 = 0. Let r(v) = k*x(v) - 4*n(v). What is r(-11)?
-1
Let u(m) = -m**3 + 5*m**2 - 4*m + 2. Let a(q) = -q**3 - 3*q**2 + 4*q + 6. Let p be a(-4). Let k(l) = 73*l - 43*l - 35*l - 2 + l**2. Let v be k(p). Give u(v).
2
Suppose 0 = -21*o + 20*o - 1, -4*p - 5*o - 29 = 0. Let r(d) = -11*d - 3. What is r(p)?
63
Let y be 6*(-1 + (-12)/8 + 2). Let f be (-1)/(y - 5/(-2)). Let s(u) = -9*u + 2. Determine s(f).
-16
Let q(k) = -5*k**2 - k**3 + 2 - 5*k**3 + 5*k**3 - 2*k. Calculate q(-4).
-6
Let v(n) be the second derivative of n**5/20 - 7*n**4/12 + n**3 - 129*n. Give v(6).
0
Let j(o) = o**3 + 5*o**2 + 5*o + 5. Suppose -22 = 3*i + 2*r, 0*i = -i + 3*r + 11. Calculate j(i).
1
Let r(c) = 5*c + 4. Let b be 3 + 0 - 25/5. Let l(d) = 6*d + 5. Let z(w) = b*l(w) + 3*r(w). Determine z(-5).
-13
Let h(t) = -38*t**3 + 2*t - 1. Let z(f) = 2*f**2 + 15*f - 7. Let v be z(-8). Give h(v).
-37
Let f = -4 - -15. Let g = 14 - f. Let x(r) = -4*r + 7*r - r - g. Calculate x(5).
7
Let t(j) = 4*j**2 - 3*j + 2. Suppose -2*u + 314 - 312 = 0. Give t(u).
3
Let m = -58 + 52. Let p(c) = c + 3*c + 4*c**3 - 3*c**3 + 6*c**2 - 8 + c**2. Determine p(m).
4
Let h(t) = 3*t**2 + 1 - 5*t - 9*t**2 - 6 - 7*t**2. Suppose -i + 10 = -1. Let p(d) = -38*d**2 - 14*d - 14. Let b(n) = i*h(n) - 4*p(n). What is b(-1)?
9
Let v be (-77)/(-121) - (-4)/11. Let d = 4 + -3. Let l(u) = -2 + d + 0*u**2 + 2*u - u**2 - u**3. Determine l(v).
-1
Let k(r) = -2*r**2 + 3*r + 1. Let n be (0 + 0)/(4 - (9 - 7)). Suppose -a - b = n, 2*a + 3*b - 5 = -9. Determine k(a).
-19
Let q(y) = 2*y**2 - 9*y - 3. Suppose 182*t = 172*t + 70. Calculate q(t).
32
Let d = 638 - 623. Suppose 2*g - 3 = 5*r + 3, 4*g = -3*r - 14. Let u be d/r*34/(-51). Let q(n) = -n**2 + 7*n. Give q(u).
10
Let z(g) = -3*g**3 + 6*g**2 + 13*g - 7. Let f(x) = x**3 - x**2 - 1. Let o(p) = -2*f(p) - z(p). Let a be o(6). Let b(j) = -a - 1 - 222*j + 221*j. Determine b(3).
-7
Let a = 31 - 27. Suppose 5*l - 4*l + 3*c - 16 = 0, a*l - 36 = -5*c. Let r(v) = -v. Let m(t) = -2*t - 2. Let q(w) = -m(w) + 4*r(w). Give q(l).
-6
Let w(r) = -3*r - 20. Let c(v) = 5*v + 30. Let p(u) = 5*c(u) + 8*w(u). Determine p(15).
5
Let w be (-15)/(-9) + 2/6. Let o(v) = -4*v + 2*v + 5*v**w + 2 - 9*v**2 - v**3. What is o(-2)?
-2
Let c(o) = -o**3 - 2*o**2 + 2. Suppose -34 + 13 = -3*p. Suppose -20 = p*d + 1. Determine c(d).
11
Let d(f) be the first derivative of 1/2*f**2 - 29 + 6*f. Suppose 0 = -4*j - 2*v + 16, 5*j - v + 0*v = 27. Determine d(j).
11
Let f(a) = -44893*a**3 + 44887*a**3 - 2 + 1. Calculate f(-1).
5
Let w(i) = 6 - 13 - i**3 - 12*i**2 + 12 - i. Let r(s) = 5*s**3 + 48*s**2 + 4*s - 20. Let q(p) = 2*r(p) + 9*w(p). Give q(12).
-7
Suppose 32*o = 29*o + 6. Let h be (-3)/((-3)/(-9)*1). Let k(m) = 12*m**2 - 17*m - 4. Let x(y) = 3*y**2 - 4*y - 1. Let u(w) = h*x(w) + o*k(w). Calculate u(-1).
-4
Let z(y) be the second derivative of y**4/12 + y**3 + 7*y**2/2 - 2*y. Let d = 45 - 27. Suppose 5*j + 7 = -d. Determine z(j).
2
Let x(i) = -3*i + 4*i**2 - i**3 + 0*i**2 + 2*i + 3 + 13*i. What is x(6)?
3
Let b(d) = -d**2 - d + 2. Let m(j) = j**3 + 7*j**2 + 9. Let h be m(-7). Suppose -2*v = a - 13, -4*a - 2 = -v - h. Give b(a).
-10
Let t(x) = -x**3 - 13*x**2 + 30*x + 7. Let c be t(-15). Let j(f) = -f**3 + 6*f**2 + 9*f + 10. Give j(c).
24
Let k = 100 - 106. Let j be (4/(-10))/(1/(-5)). Let l(w) = -4*w + w - w**j - 4*w - 5 + 0*w. What is l(k)?
1
Let w = 489 - 481. Let f(z) = z**3 - 7*z**2 - 6*z - 15. Calculate f(w).
1
Let j(d) = 156*d - 293*d + 152*d - 9 - 2*d**2 - 7 + d**2. Let g(f) = 13*f + 1. Let c be g(1). Give j(c).
-2
Let x(y) = y**2 - y. Let c = 45 + -45. Suppose c = -z - z + 6*z. Give x(z).
0
Let f(a) be the second derivative of -a**4/24 + 5*a**2/2 - 2*a. Let w(c) be the first derivative of f(c). Give w(5).
-5
Let g(i) = 11*i**2 + i + 1. Suppose -5*s = 5*d - 410, 5*s =